 -3*d + 114 = -0*d. Suppose 0 = -4*i + d + 38. What is the remainder when i is divided by 10?
9
Suppose -3*w = -2*m - 31 - 48, 2*w - 38 = 5*m. Calculate the remainder when w is divided by 8.
5
Let c(h) = 5*h + 3. Let b be c(-2). Calculate the remainder when 26 is divided by b/35 - 72/(-10).
5
Let d = 1 - -7. Let c = d + -6. What is the remainder when 7 is divided by c?
1
Suppose 7*o - 43 - 34 = 0. Calculate the remainder when 43 is divided by o.
10
Let d = 7 - -1. Calculate the remainder when d is divided by 7.
1
What is the remainder when 51 is divided by (-30)/((-144)/63 + 2/7)?
6
Let y(d) = -d**3 + 10*d**2 - 2*d - 15. What is the remainder when y(8) is divided by 20?
17
Let p(u) = 3*u + 7. Calculate the remainder when 79 is divided by p(3).
15
Suppose 0 = 2*j + 3*b - 14, j + j = -b + 22. Calculate the remainder when 153 is divided by j.
10
Suppose -2 = 2*t - 7*t - 3*o, -2*t = -o - 3. Calculate the remainder when 20 is divided by 3 - 4*t/(-1).
6
Let p(y) = -y**2 - 16*y - 6. Let h be p(-16). Suppose -9 = -3*x - 0. What is the remainder when x is divided by (-4)/h + 7/21?
0
Let y(o) = -5*o**2 + 2*o - 15. Let c(r) = -11*r**2 + 3*r - 31. Let j(a) = 6*c(a) - 13*y(a). What is the remainder when 16 is divided by j(-8)?
7
Suppose -4*n = -6*n + 16. Suppose 3*l - n*l - 5*y + 30 = 0, l - 3*y = 2. Let x = l + -3. What is the remainder when 3 is divided by x?
1
Suppose 0 = -l - 4 + 8. Suppose -22 = -l*q + 2*q. What is the remainder when q is divided by 7?
4
Let v(i) = i**3 + 6*i**2 + 7. What is the remainder when v(-6) is divided by 1 - (8/(-2) - 0)?
2
Suppose 0 = 4*t - b - b - 60, -4*b = 4*t - 72. Calculate the remainder when t is divided by 5.
1
Let v(s) = s**2 + 7*s + 9. What is the remainder when (8/3)/((-16)/(-24)) is divided by v(-6)?
1
Let i = 4 + 132. Suppose 4*h + i = 4*l, 0*l + 2*l = -3*h + 78. Suppose -6*b + 2*b = -l. Calculate the remainder when 16 is divided by b.
7
Suppose 0 = -4*d + 35 + 45. Calculate the remainder when d is divided by 13.
7
Suppose 3*t - 8 = 4, 2*t + 68 = p. Let s = -54 - -80. Calculate the remainder when p is divided by s.
24
Let l = 4 + -2. Suppose -l = -m - 5. Let x(j) = 2*j**2 + j + 2. Calculate the remainder when x(m) is divided by 6.
5
Suppose d + 18 = 2*d. Suppose 0 = -3*r + 33 - 3. Calculate the remainder when d is divided by r.
8
Let y = 48 - 28. Calculate the remainder when 37 is divided by y.
17
Suppose 3*s + f - 5 = 0, -2*s - 1 = 4*f - 21. Suppose 2*u = u + 4, -i - 2*u = s. What is the remainder when 14 is divided by 6/(1/(i/(-6)))?
6
Let c = -19 - -30. Calculate the remainder when c is divided by 2.
1
Suppose -2*c + 5*a = -26 - 89, 3*a - 210 = -5*c. What is the remainder when c is divided by 23?
22
Let i = -22 - -22. Suppose 12 = v - 5*v, i = -3*x - 4*v + 6. What is the remainder when 16 is divided by x?
4
Let x(d) = -10*d - 2. Let t be x(-2). Let h = -49 + 35. What is the remainder when 22 is divided by t/(-7)*h/3?
10
Let v(h) = 6*h. Let i be v(5). Let x = i - 14. Calculate the remainder when 45 is divided by x.
13
Let h = 43 - 16. Calculate the remainder when 51 is divided by h.
24
Suppose 0 = 4*x + 4 - 12. Suppose -p = -0*p + x. What is the remainder when 11/(p/(-4)*1) is divided by 12?
10
Let k = 33 + -16. Let z(o) = -13*o. Let p(f) = -2*f - 1. Let u be p(2). Calculate the remainder when z(u) is divided by k.
14
Let a be 0/1*(-1)/(-2). Let m be 255/6*(-8)/10. Calculate the remainder when a - m - (0 - 2) is divided by 19.
17
Let j be 5/10 - (-7)/2. Let f = -22 - -107. Suppose -t + 2 + 1 = 0, -j*l + 5*t = -f. Calculate the remainder when l is divided by 9.
7
Let r be 4/16 - 9/4. Let h(v) = 4*v**2 - 3*v - 2. What is the remainder when h(r) is divided by 7?
6
What is the remainder when 16 is divided by 6/((-12)/3 + 5)?
4
Let v(u) = -18*u - 1. Let m(d) = d**2 + 7*d - 9. Let n be m(-7). Let c be -9 - n - (-1)/(-1). What is the remainder when 49 is divided by v(c)?
15
Suppose -2*j + 140 = -0*j. Calculate the remainder when j is divided by 24.
22
Suppose 8*p = 5*p - 15, -4*m + 3*p + 39 = 0. Calculate the remainder when 10 is divided by m.
4
Calculate the remainder when 1/(-2)*(1 + -11) is divided by 3.
2
Let n(o) = -o**2 + 11*o + 10. What is the remainder when 77 is divided by n(10)?
17
Suppose 0 = 7*m - 0*m - 329. Calculate the remainder when m is divided by 8.
7
Suppose -6*o + 4*o + 92 = 0. What is the remainder when 179 is divided by o?
41
Suppose -q - 1 + 0 = 0. What is the remainder when 18/6 - q*3 is divided by 2?
0
Suppose 3*a - 9 = -c - 0*c, 5*c + a - 87 = 0. Let w(x) = 2*x**2 - 2*x + 1. What is the remainder when (-6)/(-4)*24/c is divided by w(1)?
0
Suppose d - 10 = 6*d. Let r be (d/6)/((-2)/12). Let i(c) = 27*c - 2. Calculate the remainder when i(r) is divided by 18.
16
Let t = 1 - -4. Let d = 10 + t. What is the remainder when d is divided by 8?
7
Suppose 3*t + 70 = 5*f, -55 - 5 = -5*f + 5*t. What is the remainder when 33 is divided by f?
16
What is the remainder when (-462)/(-105) - 3/(-5) is divided by 3?
2
Suppose 3*g + 81 = 3*i, -5*i + g = -102 - 21. Let j = -51 + 145. What is the remainder when j is divided by i?
22
Suppose x = -2*x. Suppose -3*w + 2*s + 10 = x, 7 = 3*w + s + 3. Suppose -3*i + 19 = 1. Calculate the remainder when i is divided by w.
0
Suppose 5*t + 82 + 18 = 0. Let y(k) = -k - 33. Let h be y(0). Let l = t - h. Calculate the remainder when 25 is divided by l.
12
Suppose 0 = -3*m - 1 + 7. Let v = 3 - 1. What is the remainder when m is divided by v?
0
Let z(l) = -5*l**2 - 3*l - 4. Let i be z(-3). Let g be ((-10)/8)/(2/i). Let q = -17 + g. Calculate the remainder when 22 is divided by q.
6
Let i(f) = 4*f + 4. Let b(s) = -s**3 - s**2 - s + 3. Let r be b(0). Calculate the remainder when i(4) is divided by 15/(-10)*(-22)/r.
9
Let y = -37 + 60. Calculate the remainder when 79 is divided by -2 + y + -1 + 0.
19
Let i = 0 + 15. Let o(f) = 2*f**2 - 8*f - 6. Calculate the remainder when i is divided by o(5).
3
Suppose -10 = -5*f + 75. What is the remainder when f is divided by 7?
3
Suppose 7*z - 14*z + 210 = 0. Calculate the remainder when 59 is divided by z.
29
Let i be (-6)/(-4)*24/9. What is the remainder when 2/(-4) + 15/2 is divided by 6*-1*(-2)/i?
1
Suppose 41 - 116 = -5*t. Suppose -50 = 2*v + 3*v. Let i = t + v. What is the remainder when i is divided by 2?
1
Let n(c) = -c**2 - 8*c - 9. Let i be n(-7). Let j = i - -11. Let v(d) = d**2 - 4. Calculate the remainder when j is divided by v(-3).
4
Let s(g) = g**3 - 18*g**2 + 7*g - 9. What is the remainder when s(18) is divided by 24?
21
Let c(q) = -q**3 - q**2 + q + 36. Let o(x) = 3*x**3 - 8*x**2 + x + 1. Calculate the remainder when c(0) is divided by o(3).
10
Let w be -89*1/(-2)*2. Let d = w - 61. Let o = 42 - d. What is the remainder when 26 is divided by o?
12
Let s(q) = q**2 + 5*q. Suppose 4*i = 5*j + 1 - 10, -18 = 2*i + 2*j. Let k = 46 - 24. Calculate the remainder when k is divided by s(i).
4
Suppose d - 3*g + 0 = 2, 5*g + 6 = -d. Let z = 16 - -10. Calculate the remainder when z is divided by -2*(-2 - 2) - d.
8
Suppose -11 = 2*r - 3*r + 3*n, r + 5*n + 5 = 0. Calculate the remainder when 3/(-7) + (-129)/(-7) is divided by r.
3
Let j(u) = u**2 - 23*u + 27. Let v = 3 - 1. Calculate the remainder when j(22) is divided by v.
1
Suppose 3*k = 2*a - 4, 12 = 4*k - 9*k + 2*a. Let d = k + 29. Let f = 9 - 0. What is the remainder when d is divided by f?
7
Suppose -2*h + 132 = 2*h. Let d = 46 - h. Suppose 16 = 4*r - 4. What is the remainder when d is divided by r?
3
Let s = -87 + 90. What is the remainder when 3 is divided by s?
0
Let x(o) = -7*o + 1. What is the remainder when x(-4) is divided by 16?
13
Suppose m - 6*m = -5. Let u be (-65)/5 + (-1)/m. Let w = 0 - u. Calculate the remainder when w is divided by 5.
4
Let t(x) = -13*x + 124. Let f(j) = 3*j - 31. Let b(r) = -9*f(r) - 2*t(r). What is the remainder when b(0) is divided by ((-88)/(-4))/(0 - -2)?
9
Let r(h) = -h**3 + h. Suppose -2*s = -50 + 42. Suppose -62 = s*v - 150. What is the remainder when v is divided by r(-2)?
4
Suppose 5 = g + 1. What is the remainder when 135/6 + -4 + (-2)/(-4) is divided by -2*((-14)/g)/1?
5
Let y(j) = -j**3 - j**2 + j + 18. Let o = -3 - -3. What is the remainder when 35 is divided by y(o)?
17
Let r(h) = -3*h**3 + 5*h**2 - 4*h. Let v be r(3). Let y = v - -